f 11 + -3 + -1 + -3 + -2?
2
-5 + 0 + (7 - 5)
-3
What is the value of 8 - (0 - 1 - -1) - 4?
4
(11 + (-3 - 4) - 6) + 4
2
Calculate 14 - 15 - (-1 + -2).
2
-2 + 10 - (1 + 2)
5
What is (-8 - -5) + 5 + (5 - 3)?
4
Evaluate 0 - ((-9 - -6) + -2).
5
What is the value of (-6 - (2 - 10)) + 3 + 0?
5
What is the value of 6 - ((-4 - -1) + -1 + 5)?
5
What is the value of -11 - (-15 + 1 - -7)?
-4
What is -7 - ((-3 - 6) + 5)?
-3
What is the value of 9 + (7 - 6 - 9)?
1
What is the value of -1 + 8 - 2 - (31 - 31)?
5
Evaluate (-1 - 11) + 7 - (-9 - -2).
2
What is 0 + (-3 - ((3 - 3) + 1))?
-4
Evaluate -7 + -3 - 4 - -8.
-6
What is (1 - 0) + 0 + 2 - 4?
-1
1 + 5 + 0 + -2 + -1
3
What is the value of 0 - (3 - (0 - 2 - -6))?
1
What is the value of -8 + 6 + 16 + -5?
9
Evaluate -3 + 3 + 1 + (0 - -1).
2
Evaluate (1 + -3 - (-21 - -16)) + 2.
5
What is -10 - (13 + -8 + -14)?
-1
(-19 + -2 + 8 - -8) + 8
3
Evaluate 3 + 3 - 9 - (1 - 0).
-4
What is 10 + -7 + -5 + -1?
-3
Calculate -1 + 6 + 4 + 10 + -10.
9
Calculate -1 - (0 + 5 + (-5 - -3)).
-4
Evaluate 2 - ((-2 - 5) + 7).
2
Calculate -1 + 1 + -4 + (1 - 0).
-3
0 - -7 - (68 - 70)
9
-8 - (4 + (-11 - 0))
-1
Calculate 3 + (-12 - -5) - -1.
-3
What is the value of (-4 - 0) + (20 - 11)?
5
(4 - 2) + -14 - -7
-5
Calculate 7 + -6 + (-1 - 4).
-4
What is 1 + -1 + (0 - -1) - -1?
2
(4 - 2) + -1 - 0
1
Evaluate 3 - (7 - (3 + -2)).
-3
Calculate -5 - (-9 + (3 - 0)).
1
Evaluate -4 + ((2 - -2) + -6 - -2).
-4
-1 - (-3 - 2 - (1 + -8))
-3
What is the value of 11 - (-5 + 8 + 9)?
-1
3 - (3 + -3) - 0
3
Calculate (-20 - -22) + (-1 - -2).
3
What is the value of (-15 - -9) + 4 + 1?
-1
Evaluate -4 + (4 - 0 - (7 + -6)).
-1
Calculate -7 + (0 + -8 - -18).
3
Calculate (-5 + (9 - 1) - 7) + -4.
-8
Evaluate -2 + -1 + 2 + -3.
-4
What is (4 + -1 - -20) + -12?
11
What is the value of 0 + 15 + (-1 - 7)?
7
What is the value of -3 + 4 + (-10 - -4)?
-5
Calculate (-3 - (0 + 4 + -8)) + -4.
-3
What is -7 + -2 + -3 + 6?
-6
Evaluate -4 - (6 + -6 + -12 + 5).
3
Calculate 18 + (-6 - ((-3 - 1) + 5)).
11
-10 - (-11 - -1) - -4
4
-66 + 61 - (-4 + 0 + -1)
0
Calculate -5 - (-6 + -5 + 4 + 0).
2
What is (-33 - -24) + -2 + 0 + 7?
-4
Evaluate -4 + 9 - (4 + 1).
0
What is the value of (3 - (1 - 0)) + (5 - 2)?
5
(4 - (-5 - -10) - 5) + 6
0
4 - (5 - 4 - (-1 - -3))
5
What is the value of (1 - -4) + -1 + -2?
2
Evaluate 22 - 19 - (3 - (2 + -1)).
1
Evaluate 12 - 5 - 4 - 1.
2
Calculate (-26 - -30) + (-6 - (-2 + 1)).
-1
Evaluate -6 - (-9 + -2 - (-4 + 6)).
7
Evaluate 2 + -5 + (-2 - -9).
4
4 + (4 + (-2 - -3) - 13)
-4
Evaluate 9 + -8 + (-8 - -2).
-5
(-14 - (-1 + -4 - -1)) + 2
-8
-2 - (-5 + (5 - 6))
4
Evaluate 2 + (7 - 2) + -12.
-5
Evaluate 5 + (3 - 5) - 0.
3
Calculate (-10 - -12) + (2 - 1).
3
Evaluate 2 + (2 - 0 - 1).
3
What is the value of (-3 - (-27 + 14)) + -13?
-3
Calculate (0 - (1 + 1)) + 1 + 1.
0
What is 1 - (16 + (5 - 10))?
-10
Evaluate -7 + 2 - -6 - 1.
0
Calculate -4 + 3 + 3 - 3.
-1
-2 - (-3 + (-2 - -3) - -1)
-1
What is -4 + 2 + (-11 - -8) + 12?
7
What is 3 + -1 + 5 + -3?
4
-1 + 25 + -20 + (-1 - 0)
3
-5 + (13 - 9 - (2 - -2))
-5
What is -2 + -5 + 8 + -6?
-5
What is (-2 - 2 - (-2 - 0)) + 5?
3
Evaluate (-5 - 2) + 6 + 1 + 5.
5
(-7 - (2 - 21)) + -7
5
What is 4 + -3 + 2 + -4 + 7?
6
Calculate -1 + -7 + (45 - 33).
4
What is -2 + 2 + 6 - (4 - 0)?
2
What is the value of (15 - 6) + -14 - (1 - 1)?
-5
Calculate (3 - (4 + -5)) + -4.
0
33 - 32 - (-1 - 1 - -2)
1
What is the value of (3 - 4) + 8 + (5 - 12)?
0
(0 - -2) + 10 + -7
5
Evaluate 12 + 1 + 0 + -2 + -4.
7
260 - 253 - (10 + -1 + 1)
-3
(-1 + 2 - 10) + (2 - 1)
-8
9 + (-4 + 4 - 4)
5
(1 - -8) + (-10 - (-19 - -11))
7
(3 + 4 - -2) + -4
5
Calculate (-2 + (-1 - -4) - 2) + 1.
0
Evaluate -6 + 10 - (1 + 6).
-3
Evaluate (4 - (3 - 3)) + -6 + 1.
-1
1 + 2 + (-5 - -3)
1
-4 + 7 + -12 + 9 + -1
-1
-3 + 8 + -2 + -8 + 4
-1
What is (-1 - 2) + 21 + 0 + -23?
-5
Calculate 1 + -7 + 9 - 7.
-4
What is the value of 2 - -4 - (-8 + 10)?
4
What is the value of -4 + (-2 + 3 - (0 + 1))?
-4
Calculate -11 - (4 - (12 - 1)).
-4
What is 3 + (-1 - (-7 + 6))?
3
Evaluate 13 + -7 + 3 + -2 + -14.
-7
7 + -3 + -7 + -2
-5
-2 + (-5 - -10) + -5 + 1
-1
What is (1 - (11 + -16)) + -9?
-3
What is -5 + (0 - -6) + -3?
-2
What is the value of 11 + -14 + (-2 - 3)?
-8
Evaluate 7 + -8 + (-3 - -1 - 2).
-5
What is the value of 4 - (-1 + (1 - (3 + -5)))?
2
Calculate 15 - 25 - (-2 + -6).
-2
What is 6 + -3 - (3 + -2 + 5)?
-3
What is -3 + (-8 - -5) + 1?
-5
Calculate (7 - 5) + (-2 + 3 - 2).
1
What is -1 - (1 + 1 - (4 + -3))?
-2
What is the value of 0 + 0 - (-28 + 33)?
-5
Evaluate -5 + 6 - 2 - (1 - -1).
-3
Evaluate 3 + (-1 - -1) - (-3 - -6).
0
Evaluate (3 - 4) + (-3 - (2 - 1)).
-5
Evaluate -7 + -5 - -16 - 12.
-8
(8 + -5 - -8) + -5 - 16
-10
0 + 0 + 5 - 4
1
What is the value of 2 + 1 + (66 - 63)?
6
What is 3 + (-1 - -8) + -8?
2
Evaluate 5 + -1 - (-5 - (-4 + -4)).
1
Calculate 0 + (1 - -3) + -7.
-3
What is -10 + (3 - 13 - -15)?
-5
What is (-24 - -28) + (-1 - (-1 - 2))?
6
7 - (-6 - (-17 - -7))
3
What is the value of (1 - 0) + -20 + 21?
2
What is -5 + 7 + -4 + 4 - 4?
-2
What is (7 + -1 - 0) + (-80 - -76)?
2
-4 + (0 + 4 + -7 - -5)
-2
Calculate 1 - (3 - (1 - 1) - 6).
4
What is the value of (1 - (2 - -1)) + 1 + 4?
3
What is 3 + (2 - 1 - 3 - -4)?
5
3 - 1 - -2 - (-1 - 0)
5
What is the value of (-1 - (-2 + 8)) + 5?
-2
What is the value of 6 + 5 + -5 - (1 + 2)?
3
What is -9 + 7 + -6 + 5 - 4?
-7
Calculate 0 + 0 + -11 + 7 + -3.
-7
What is the value of 7 + ((2 - 3) + 1 - 3)?
4
What is 11 - 8 - 9 - -5?
-1
Calculate -2 + (4 - 2) - -3.
3
Evaluate 4 + -6 + 2 + 0 + 3.
3
2 - (1 - (-10 - -4))
-5
(-10 - -5) + 17 - 11
1
What is the value of 3 + (-1 - -1) + -8?
-5
Calculate 5 - (-5 + -2 + 14).
-2
2 + -2 + -1 + -1
-2
(1 - -7) + -8 - 2
-2
Calculate -22 + 29 + -1 + -1 - 3.
2
-2 - -1 - -2 - (-3 - -2)
2
Evaluate -4 - 3 - (-7 - -1).
-1
What is -5 + 5 + -3 + 7?
4
What is the value of 5 + -1 - (7 - 7)?
4
-4 + ((-4 - -7) + 1 - 5)
-5
Calculate -6 + 10 + -2 + 3.
5
Calculate -15 - -21 - (0 - -1).
5
What is (-7 + -4 - -8) + -2 + 5?
0
What is -15 + (10 - 10 - -12)?
-3
What is the value of 6 + 1 + (3 - 2) + -5?
3
What is the value of (9 - 2) + -1 + (2 - 3)?
5
0 - -9 - (-33 - -34)
8
(3 - 6) + 3 + 4
4
-1 + -2 + 1 - 0
-2
Calculate (-3 - -2) + (17 - 15).
1
Calculate 34 - 47 - (-1 + -7).
-5
What is the value of -6 + 11 + (-1 - 4) - -3?
3
What is the value of 5 - (1 + -7 + 0 + 5)?
6
What is 4 + -8 - -7 - -1?
4
1 + 1 + (-3 - (2 + -2))
-1
Calculate 1 - -3 - (-2 - 2).
8
What is the value of -6 - -1 - (-1 + 4 + 0)?
-8
What is the value of -6 + 10 - 2 - (0 - -1)?
1
Calculate -9 - (-1 + (10 - 16)).
-2
What is the value of (3 - 0) + -5 + 1?
-1
What is (21 - (11 + -1)) + -6?
5
What is 4 + -3 - 20 - -11?
-8
Calculate 2 - -6 - (-7 - -13).
2
Evaluate (-6 + 13 - 13) + -2 + 5.
-3
0 + (0 - (-3 + 6 + -2))
-1
Calculate (-1 - (-8 + 6 - -5)) + 7.
3
4 + -6 + 12 + -7
3
Evaluate -7 - (-6 - (-9 + 4)).
-6
Evaluate 1 - (19 + -9) - -6.
-3
What is the value of (0 - (4 - 10)) + 12 + -17?
1
Evaluate 7 + (-19 - -8) + 12.
8
Calculate -1 + 2 + 0 + (2 - 2).
1
Evaluate -10 + 5 + 8 - 2 - -5.
6
Evaluate ((-6 - -5) + -2 - 7) + 2.
-8
-1 + 2 - -2 - (2 + -1)
2
4 + (1 - 0) + -23 + 20
2
Calculate (-19 - -9) + 5 - -4.
-1
What is 1 - -2 - 1 - (-19 + 21)?
0
-2 + (4 - 2 - -2 - 0)
2
Evaluate (3 - 9 - (7 + -5)) + -1.
-9
Evaluate -4 + -4 + -3 + -5 + 8.
-8
What is 6 - 10 - (-5 - -18 - 8)?
-9
Calculate (2 - (4 - (3 - 2))) + 4.
3
Evaluate 2 + (6 - (7 - (-2 - -4))).
3
What is the value of 5 - (-11 + -3 + 4 - -8)?
7
Evaluate 1 - -5 - (9 - 0).
-3
Calculate (-3 - 3) + 7 + -7 + 4.
-2
-2 - (-26 + 10) - 4
10
Calculate -1 + 1 - (-3 + 1) - 5.
-3
(-5 - -4 - -5) + -14
-10
What is the value of (-4 - (0 - 1)) + (4 - 3)?
-2
What is 1 + -2 + 3 + (-1 - -3)?
4
What is (-2 - (-2 - -3)) + -2 + 0?
-5
What is -5 - (-9 + 3) - 7?
-6
Calculate -8 + (-4 - (-11 - -8)).
-9
What is (5 - 3 - 0) + -6 - -4?
0
What is the value of (-4 - 7) + 7 - (-10 + -2)?
8
What is (-5 - (0 - 3)) + -3?
-5
Evaluate 56 + -57 + 0 + (-1 - -3).
1
What is 7 + 0 + (-3 - 4) + -1?
-1
Evaluate 0 + 6 - (-3 - (6 + -8)).
7
Calculate (1 - -1) + (33 - 36).
-1
What is the value of 7 - 15 - (-8 - 0)?
0
What is (3 - (-2 + 0)) + -4 + 0?
1
What is the value of -4 + 3 + (-3 - (2 - 1))?
-5
Calculate (-2 - 0) + -7 + 2 + 2.
-5
What is the value of -4 - (-9 + -7 - -14)?
-2
What is (-14 - -